.
13, 59
What are the prime factors of 25?
5
List the prime factors of 25478.
2, 12739
What are the prime factors of 30886?
2, 15443
What are the prime factors of 70390?
2, 5, 7039
What are the prime factors of 14870?
2, 5, 1487
What are the prime factors of 351?
3, 13
List the prime factors of 8484.
2, 3, 7, 101
List the prime factors of 44630.
2, 5, 4463
What are the prime factors of 376?
2, 47
List the prime factors of 4161.
3, 19, 73
List the prime factors of 8975.
5, 359
List the prime factors of 13355.
5, 2671
List the prime factors of 11875.
5, 19
List the prime factors of 4470.
2, 3, 5, 149
What are the prime factors of 49495?
5, 19, 521
What are the prime factors of 875?
5, 7
What are the prime factors of 5228?
2, 1307
What are the prime factors of 5660?
2, 5, 283
What are the prime factors of 3830?
2, 5, 383
List the prime factors of 11476.
2, 19, 151
List the prime factors of 936.
2, 3, 13
List the prime factors of 11065.
5, 2213
List the prime factors of 3390.
2, 3, 5, 113
What are the prime factors of 73091?
73091
What are the prime factors of 7615?
5, 1523
What are the prime factors of 3772?
2, 23, 41
What are the prime factors of 2204?
2, 19, 29
List the prime factors of 633.
3, 211
What are the prime factors of 165793?
29, 5717
What are the prime factors of 12573?
3, 11, 127
List the prime factors of 3033.
3, 337
List the prime factors of 12525.
3, 5, 167
What are the prime factors of 1650?
2, 3, 5, 11
List the prime factors of 568.
2, 71
What are the prime factors of 6254?
2, 53, 59
List the prime factors of 2972.
2, 743
What are the prime factors of 17763?
3, 31, 191
List the prime factors of 800.
2, 5
What are the prime factors of 1524?
2, 3, 127
What are the prime factors of 3734?
2, 1867
List the prime factors of 4781.
7, 683
List the prime factors of 57462.
2, 3, 61, 157
List the prime factors of 1407.
3, 7, 67
What are the prime factors of 11808?
2, 3, 41
List the prime factors of 638.
2, 11, 29
List the prime factors of 39087.
3, 43, 101
What are the prime factors of 51082?
2, 25541
List the prime factors of 44086.
2, 7, 47, 67
What are the prime factors of 540?
2, 3, 5
What are the prime factors of 2779?
7, 397
List the prime factors of 1016.
2, 127
List the prime factors of 582.
2, 3, 97
List the prime factors of 1896.
2, 3, 79
List the prime factors of 4907.
7, 701
What are the prime factors of 3942?
2, 3, 73
What are the prime factors of 818?
2, 409
What are the prime factors of 17998?
2, 8999
What are the prime factors of 511?
7, 73
What are the prime factors of 1128?
2, 3, 47
What are the prime factors of 100503?
3, 13, 859
What are the prime factors of 137196?
2, 3, 37, 103
List the prime factors of 2197.
13
What are the prime factors of 10470?
2, 3, 5, 349
What are the prime factors of 16202?
2, 8101
What are the prime factors of 33689?
59, 571
What are the prime factors of 614?
2, 307
List the prime factors of 1302.
2, 3, 7, 31
List the prime factors of 18133.
18133
List the prime factors of 536.
2, 67
List the prime factors of 2265.
3, 5, 151
List the prime factors of 116627.
7, 16661
List the prime factors of 6256.
2, 17, 23
List the prime factors of 11715.
3, 5, 11, 71
List the prime factors of 17090.
2, 5, 1709
List the prime factors of 664.
2, 83
What are the prime factors of 40519?
40519
List the prime factors of 9.
3
List the prime factors of 76938.
2, 3, 12823
List the prime factors of 41958.
2, 3, 7, 37
List the prime factors of 50459.
50459
What are the prime factors of 14956?
2, 3739
List the prime factors of 19712.
2, 7, 11
What are the prime factors of 1050?
2, 3, 5, 7
What are the prime factors of 2523?
3, 29
What are the prime factors of 305?
5, 61
What are the prime factors of 28854?
2, 3, 7, 229
What are the prime factors of 277?
277
List the prime factors of 876.
2, 3, 73
What are the prime factors of 1180?
2, 5, 59
List the prime factors of 57782.
2, 167, 173
What are the prime factors of 99451?
11, 9041
List the prime factors of 74523.
3, 24841
List the prime factors of 11371.
83, 137
What are the prime factors of 1485?
3, 5, 11
What are the prime factors of 70202?
2, 11, 3191
List the prime factors of 1880.
2, 5, 47
What are the prime factors of 30635?
5, 11, 557
What are the prime factors of 21525?
3, 5, 7, 41
What are the prime factors of 3965?
5, 13, 61
List the prime factors of 87083.
87083
List the prime factors of 18830.
2, 5, 7, 269
What are the prime factors of 2388?
2, 3, 199
List the prime factors of 95393.
95393
What are the prime factors of 1320?
2, 3, 5, 11
List the prime factors of 8348.
2, 2087
What are the prime factors of 3?
3
List the prime factors of 2849.
7, 11, 37
What are the prime factors of 2356?
2, 19, 31
List the prime factors of 4239.
3, 157
What are the prime factors of 17304?
2, 3, 7, 103
What are the prime factors of 29986?
2, 11, 29, 47
List the prime factors of 61250.
2, 5, 7
List the prime factors of 1186.
2, 593
List the prime factors of 5562.
2, 3, 103
What are the prime factors of 1557?
3, 173
What are the prime factors of 60470?
2, 5, 6047
What are the prime factors of 72584?
2, 43, 211
What are the prime factors of 159079?
159079
What are the prime factors of 75272?
2, 97
List the prime factors of 25977.
3, 7, 1237
What are the prime factors of 577?
577
List the prime factors of 44418.
2, 3, 11, 673
List the prime factors of 17773.
7, 2539
What are the prime factors of 1751?
17, 103
List the prime factors of 623.
7, 89
What are the prime factors of 28581?
3, 7, 1361
List the prime factors of 203.
7, 29
List the prime factors of 1803.
3, 601
List the prime factors of 4316.
2, 13, 83
What are the prime factors of 446?
2, 223
What are the prime factors of 457?
457
List the prime factors of 2270.
2, 5, 227
What are the prime factors of 2658?
2, 3, 443
What are the prime factors of 63688?
2, 19, 419
What are the prime factors of 703?
19, 37
What are the prime factors of 6965?
5, 7, 199
What are the prime factors of 200?
2, 5
What are the prime factors of 767?
13, 59
List the prime factors of 69789.
3, 43, 541
List the prime factors of 74751.
3, 24917
What are the prime factors of 273?
3, 7, 13
What are the prime factors of 7344?
2, 3, 17
What are the prime factors of 110534?
2, 17, 3251
What are the prime factors of 3312?
2, 3, 23
What are the prime factors of 26167?
137, 191
List the prime factors of 370.
2, 5, 37
What are the prime factors of 91954?
2, 23, 1999
List the prime factors of 12208.
2, 7, 109
List the prime factors of 55730.
2, 5, 5573
What are the prime factors of 501?
3, 167
List the prime factors of 3390.
2, 3, 5, 113
List the prime factors of 40814.
2, 20407
What are the prime factors of 210?
2, 3, 5, 7
List the prime factors of 3319.
3319
List the prime factors of 1559.
1559
List the prime factors of 1221.
3, 11, 37
What are the prime factors of 1397?
11, 127
What are the prime factors of 56509?
56509
What are the prime factors of 7915?
5, 1583
What are the prime factors of 3765?
3, 5, 251
List the prime factors of 175.
5, 7
List the prime factors of 61407.
3, 6823
What are the prime factors of 792?
2, 3, 11
List the prime factors of 12655.
5, 2531
What are the prime factors of 10442?
2, 23, 227
What are the prime factors of 20163?
3, 11, 13, 47
What are the prime factors of 20823?
3, 11, 631
List the prime factors of 78975.
3, 5, 13
What are the prime factors of 7149?
3, 2383
List the prime factors of 127315.
5, 25463
List the prime factors of 70635.
3, 5, 17, 277
What are the prime factors of 17990?
2, 5, 7, 257
What are the prime factors of 1540?
2, 5, 7, 11
What are the prime factors of 640?
2, 5
List the prime factors of 18160.
2, 5, 227
List the prime factors of 4610.
2, 5, 461
What are the prime factors of 42441?
3, 7, 43, 47
List the prime factors of 34877.
34877
List the prime factors of 635.
5, 127
List the prime factors of 537.
3, 179
List the prime factors of 61455.
3, 5, 17, 241
What are the prime factors of 1836?
2, 3, 17
List the prime factors of 4885.
5, 977
What are the prime factors of 99474?
2, 3, 59, 281
What are the prime factors of 902?
2, 11, 41
List the prime factors of 18323.
73, 251
What are the prime factors of 148901?
61, 2441
What are the prime factors of 415?
5, 83
List the prime factors of 1931.
1931
What